940 (base 10) to base 12
-664
Convert 320232 (base 4) to base 15.
1120
What is 111234 (base 6) in base 10?
9382
Convert -20222122 (base 3) to base 11.
-3910
Convert 2856 (base 14) to base 8.
15734
What is 1295 (base 12) in base 4?
201101
Convert -15102 (base 7) to base 8.
-10107
Convert -1052 (base 13) to base 16.
-8d8
-540 (base 12) to base 13
-471
Convert 6b9 (base 12) to base 13.
5c4
Convert -11002221 (base 3) to base 9.
-4087
13111 (base 5) to base 2
10000000111
Convert 148 (base 15) to base 3.
101212
2ec (base 16) to base 2
1011101100
What is -165 (base 12) in base 13?
-140
Convert 51ba (base 12) to base 5.
241201
-21110122 (base 3) to base 13
-262a
6c50 (base 13) to base 12
8a0b
6742 (base 13) to base 11
a919
What is -1472 (base 12) in base 2?
-100101010110
What is 12010 (base 3) in base 7?
255
What is -1420 (base 6) in base 12?
-270
110011110 (base 2) to base 4
12132
What is 1414 (base 5) in base 11?
1a3
What is -5684 (base 9) in base 12?
-2527
20263 (base 7) to base 10
4945
-2886 (base 13) to base 5
-141411
224221 (base 5) to base 6
101153
-17502 (base 8) to base 16
-1f42
8915 (base 10) to base 11
6775
Convert -2100 (base 3) to base 4.
-333
Convert -67 (base 14) to base 10.
-91
What is -199 (base 10) in base 14?
-103
2853 (base 9) to base 13
c99
What is -1110001011110 (base 2) in base 14?
-290a
What is 2012203 (base 5) in base 13?
11853
1340 (base 5) to base 4
3130
-340 (base 6) to base 2
-10000100
-21b (base 12) to base 16
-137
Convert 4234 (base 6) to base 10.
958
-14b9 (base 14) to base 3
-12001201
What is -112011 (base 4) in base 6?
-10313
Convert -12968 (base 10) to base 15.
-3c98
Convert -75f3 (base 16) to base 10.
-30195
What is -71d (base 15) in base 16?
-643
-10221 (base 5) to base 15
-30b
What is -1221 (base 11) in base 14?
-820
What is -1211112202 (base 3) in base 12?
-18a9b
-127 (base 14) to base 8
-347
What is 25410 (base 7) in base 15?
1ed0
What is 13741 (base 9) in base 3?
110211101
Convert -67e (base 15) to base 10.
-1469
What is -178 (base 10) in base 8?
-262
Convert 156a (base 15) to base 7.
16261
Convert -16eea (base 15) to base 3.
-10202211211
Convert -732 (base 15) to base 8.
-3126
11023 (base 5) to base 16
2fb
Convert -daa (base 14) to base 3.
-10200221
Convert -4225 (base 14) to base 8.
-26211
Convert -195d (base 14) to base 16.
-11ef
Convert 230 (base 5) to base 11.
5a
9259 (base 11) to base 14
4697
Convert 407 (base 14) to base 15.
37b
Convert 21144 (base 9) to base 4.
3122110
Convert -19170 (base 10) to base 4.
-10223202
What is 1269 (base 10) in base 8?
2365
Convert -13430 (base 5) to base 7.
-3152
What is -294 (base 10) in base 8?
-446
Convert 222001102 (base 3) to base 4.
10220300
Convert 1828 (base 13) to base 2.
110111111111
What is 221200 (base 4) in base 16?
a60
Convert 92a (base 16) to base 12.
1436
What is 11202212 (base 3) in base 15?
106e
Convert 1203 (base 5) to base 3.
20121
Convert 110211 (base 3) to base 8.
532
What is -3422 (base 6) in base 9?
-1085
What is 3533 (base 13) in base 7?
30542
Convert -600 (base 12) to base 15.
-3c9
-c80 (base 14) to base 7
-10120
What is -12021 (base 4) in base 16?
-189
What is -36442 (base 7) in base 2?
-10010100001111
Convert -12531 (base 6) to base 12.
-1147
What is 5650 (base 9) in base 13?
1b93
What is -43601 (base 8) in base 4?
-10132001
What is -315 (base 6) in base 9?
-142
What is 56510 (base 7) in base 4?
3133223
Convert -291c (base 14) to base 10.
-7278
-2332303 (base 4) to base 10
-12211
What is -328 (base 10) in base 13?
-1c3
-a28 (base 15) to base 6
-14332
Convert -3525 (base 12) to base 4.
-1130231
-2010 (base 7) to base 4
-22311
Convert -1d4 (base 14) to base 16.
-17e
Convert 1838 (base 15) to base 11.
3a23
What is 350404 (base 6) in base 8?
72404
What is -965 (base 11) in base 7?
-3245
986 (base 13) to base 3
2020102
567 (base 8) to base 9
456
What is -4769 (base 10) in base 2?
-1001010100001
Convert 2386 (base 11) to base 14.
11cb
Convert -41313 (base 8) to base 6.
-211055
-2771 (base 11) to base 12
-20ab
Convert -4331 (base 5) to base 8.
-1117
Convert -30414 (base 6) to base 3.
-12112201
Convert -277 (base 14) to base 12.
-355
What is -25411 (base 7) in base 2?
-1101001000001
What is 5311 (base 13) in base 16?
2cf2
-b13 (base 14) to base 2
-100001111101
What is -7a8 (base 13) in base 9?
-1727
Convert -60432 (base 7) to base 10.
-14625
What is 604 (base 7) in base 8?
452
102011 (base 3) to base 13
1a2
Convert 251421 (base 6) to base 14.
8245
What is 1300030 (base 4) in base 10?
7180
Convert -100001100010110 (base 2) to base 9.
-25502
What is 12222311 (base 4) in base 5?
1333232
-110100000011 (base 2) to base 11
-2559
-1107 (base 13) to base 3
-10020220
Convert 33320 (base 4) to base 12.
708
Convert 200020021 (base 3) to base 16.
33eb
-11704 (base 12) to base 8
-55664
-5333 (base 7) to base 6
-12422
-10022021 (base 3) to base 5
-34120
What is 1280 (base 12) in base 9?
2806
Convert -12266 (base 12) to base 11.
-174a6
-4b5 (base 14) to base 8
-1657
What is -112220213 (base 4) in base 12?
-4579b
Convert 3712 (base 8) to base 2.
11111001010
-252 (base 10) to base 9
-310
Convert 105102 (base 6) to base 16.
22be
What is 13217 (base 13) in base 11?
24752
Convert -1111110001 (base 2) to base 10.
-1009
-244330 (base 5) to base 12
-54a4
-4311 (base 7) to base 2
-10111110111
What is 2031 (base 6) in base 5?
3301
Convert 1d98 (base 15) to base 14.
24c3
Convert -844 (base 11) to base 3.
-1101122
What is -2e0e (base 15) in base 7?
-40622
354 (base 9) to base 16
124
What is 1002200 (base 3) in base 14?
413
-2161 (base 10) to base 6
-14001
Convert -1127 (base 12) to base 2.
-11101101111
Convert 5752 (base 9) to base 2.
1000010100011
113302 (base 8) to base 14
100ca
30a2 (base 11) to base 13
1b3a
Convert -305 (base 12) to base 16.
-1b5
What is 2205 (base 7) in base 6?
3353
What is 33a6 (base 12) in base 15?
1a7c
Convert -11100100111110 (base 2) to base 15.
-451e
Convert 32302 (base 4) to base 6.
4214
What is -431 (base 7) in base 8?
-332
Convert 10111 (base 3) to base 15.
64
What is -24d (base 14) in base 9?
-562
What is -1aa6 (base 13) in base 6?
-30343
-414532 (base 6) to base 11
-23162
-1418 (base 12) to base 10
-2324
-3a5 (base 15) to base 5
-11310
-2a4 (base 11) to base 9
-435
-1145 (base 10) to base 2
-10001111001
-5282 (base 9) to base 10
-3881
1110010010111 (base 2) to base 10
7319
What is 46300 (base 7) in base 12?
6a01
-32011 (base 4) to base 8
-1605
-14984 (base 12) to base 14
-a828
Convert -1001312 (base 4) to base 5.
-113324
Convert -101000010110 (base 2) to base 4.
-220112
Convert 110010110111010 (base 2) to base 3.
1022201112
What is 3223 (base 5) in base 2?
110110110
-1321 (base 7) to base 10
-505
What is -1a1 (base 11) in base 13?
-14b
-bc2 (base 15) to base 9
-3572
What is -166040 (base 8) in base 12?
-2ab94
-111010 (base 3) to base 10
-354
What is 4ca9 (base 13) in base 12?
640b
-1542 (base 9) to base 5
-14142
-2ab4 (base 14) to base 13
-3601
What is 858 (base 15) in base 7?
5330
408a (base 12) to base 15
212d
-6e7e (base 15) to base 2
-101101111011111
-206 (base 13) to base 2
-101011000
Convert -2a55 (base 15) to base 4.
-2031320
10100000000000 (base 2) to base 14
3a36
What is -10323 (base 4) in base 12?
-223
What is 3cee (base 16) in base 4?
3303232
What is 413 (base 6) in base 12?
109
1120020010 (base 3) to base 8
74077
Convert 11011 (base 4) to base 15.
16a
-b86 (base 14) to base 2
-100011100010
What is -8b76 (base 12) in base 3?
-210021000
Convert -12111012 (base 3) to base 9.
-5435
-2211 (base 3) to base 12
-64
Convert -2000 (base 6) to base 12.
-300
What is -10222 (base 4) in base 10?
-298
Convert -1d0 (base 16) to base 10.
-464
Convert 22686 (base 13) to base 15.
13860
What is -fbcb (base 16) in base 6?
-1214231
What is -10101000001 (base 2) in base 12?
-941
-bb (base 13) to base 5
-1104
What is 42b (base 12) in base 14?
319
Convert -136 (base 12) to base 13.
-114
What is 513 (base 7) in base 10?
255
Convert -14213 (base 6) to base 10.
-2241
-1120221 (base 3) to base 10
-1159
-340 (base 8) to base 10
-224
-110 (base 16) to base 10
-272
What is 21122 (base 4) in base 11?
4a8
-100022021 (base 3) to base 14
-2688
Convert -1107 (base 11) to base 13.
-883
Convert -34561 (base 12) to base 14.
-1b69b
1010 (base 3) to base 4
132
What is 3329 